- i) + 8. Let g = h - 4. What is the units digit of g?
6
Suppose j - 174 = -3*c, -2*c + 3*j + 42 = -85. What is the units digit of c?
9
Suppose -d = 4*g - 1029, -4*d + 18 = 3*g - 757. What is the hundreds digit of g?
2
Let g = 44 - 2. What is the tens digit of g?
4
Suppose -2*u + 15 + 15 = -2*y, -5*u - 2*y + 61 = 0. Suppose u + 2 = m. What is the units digit of m?
5
Suppose 32 = 5*q + 3*d - 341, 2*q = 3*d + 145. What is the units digit of q?
4
Let q(v) = v + 14. Let p be q(-12). Suppose 4 = -2*a, 0 = 5*n + 3*a + p - 6. Suppose 2*u - 18 = -4*d, 0 = n*u + 5*d - 5 - 10. What is the tens digit of u?
1
Let h(w) = w**2 + 6*w - 8. Let o be h(-8). Suppose -j + o = j. What is the units digit of j?
4
Suppose 191 = 2*p - 15. What is the units digit of p?
3
Suppose -2*g = -158 - 110. What is the hundreds digit of g?
1
Let h be (0 - 5)*(-4)/5. Let j = h + -2. Suppose 0 = 2*r - j - 2. What is the units digit of r?
2
Suppose -2*t + 6*t - 688 = 0. What is the units digit of t?
2
Suppose -36 = -q - 0*d - 3*d, -d - 24 = -q. Suppose 4*n - q - 98 = -5*p, 0 = 5*n + 4*p - 154. What is the units digit of n?
0
Suppose 0 = 6*a - 24 - 84. What is the units digit of a?
8
Suppose -2*l - 2*l = -x + 73, -5*l = -5. Suppose -2*a = -4*a - 3*j + x, -3*a - 5*j = -117. What is the units digit of a?
4
Let q(s) = s**3 - s**2 - s - 5. What is the tens digit of q(3)?
1
Let x(w) be the third derivative of w**5/120 - w**4/6 - w**3/3 + w**2. Let b(s) be the first derivative of x(s). What is the units digit of b(5)?
1
Let b(q) = -q**3 - 9*q**2 - 7*q + 10. Let i be b(-8). Suppose -5*g + 77 = i. What is the units digit of g?
5
Let u(j) = -j. Let h be u(-2). Suppose -h*s - 5 = -11. What is the units digit of s?
3
What is the tens digit of ((-70)/25 - 2)/((-2)/15)?
3
Let j = -2 + 12. Suppose 5*p = 85 + j. What is the units digit of p?
9
Suppose -3*d + 34 = 1. Suppose -l - d + 20 = 0. What is the units digit of l?
9
Suppose -3*d = 4*n - 13, -2*d - 1 = 2*n - 3*d. Suppose -9 = -5*v + n. What is the units digit of v?
2
What is the tens digit of 26/169 + (-1166)/(-26)?
4
Let t(l) = -2*l + 6. Suppose -y = 1 - 7. Let n be t(y). What is the units digit of (-6)/n - (-1 + -10)?
2
Let x(y) = -3*y**3 + 2*y**2 + y. Let a be x(-1). What is the units digit of -4 + 8/a - -6?
4
Let b(v) = 6*v - 1. What is the units digit of b(2)?
1
Let o be (-2 - -3)*11 - 2. Suppose o*c - 4*c = 20. Suppose 2*r - c*k - 28 = 0, -2*r + 14 = -r + 5*k. What is the units digit of r?
4
Let l be (24/(-32))/(2/(-16)). Let o(r) = r - 7. Let q be o(l). Let p = q + 14. What is the units digit of p?
3
Let t be ((-10)/6)/(1/6). Let l = t - -11. Let v(s) = 6*s**3 - s**2 + s. What is the units digit of v(l)?
6
Let f = -51 + 19. Let g = -4 - f. What is the tens digit of g?
2
What is the units digit of (33/(-22))/((-6)/124)?
1
Let w(n) = -4*n + 4*n + n**2 + n + 10 - n**3 - 8*n**2. What is the units digit of w(-7)?
3
Let g be -3 + 5 + 0 + 0. Let o(d) = 2*d - 4 + 0*d + g*d - 3*d. What is the units digit of o(6)?
2
Let b = -3 + 8. Suppose 3*o - 3 - 3 = -j, -10 = -b*o. What is the units digit of j*1/(-2) + 3?
3
Suppose f = -f + 50. What is the units digit of f?
5
Let b(m) = 4*m + 10. Let t be b(7). Let s = -23 + t. What is the units digit of s?
5
Let y(k) = k**3 + 12*k**2 - k - 18. What is the hundreds digit of y(-6)?
2
Suppose -890 = -4*l - 6*l. What is the tens digit of l?
8
Suppose 20 = 4*g, 2*n + g = -3*n + 205. What is the tens digit of n?
4
Let x(m) = m**2 + 29. What is the tens digit of x(0)?
2
Let h = -18 - -18. Suppose 80 = 4*v - 3*z, h = 5*v + 4*z - 66 - 65. What is the tens digit of v?
2
Suppose 1324 = 6*d - 422. What is the units digit of d?
1
Let x be 8/6*(-18)/(-4). Suppose -30 = -x*o + o. Suppose o*b - 10 = b. What is the units digit of b?
2
Let r(f) = -f + 10. Let a be r(-7). Let u = a + -9. What is the units digit of u?
8
Suppose -4*t = 3*y - 1224, 0 = -t + y + y + 317. What is the units digit of t?
9
Suppose 0 = 5*v + 2*r - 9, -5*v + 0*r + 15 = 5*r. Suppose v = -4*a + 5. Suppose x = -0*x + a. What is the units digit of x?
1
What is the tens digit of (1/(-1))/((-5)/220) + 3?
4
Let h(f) = -f**3 - 7*f**2 + 11*f + 6. Let a be h(-8). Suppose -q + 2*q + 6 = 0. Let m = q - a. What is the tens digit of m?
1
Suppose -3*a = 6, -2*n - 5*a = -a - 14. Let c = 5 + n. Suppose z - c = -1. What is the units digit of z?
5
Suppose -5*g + n = -238, 0 = 4*g + 2*n - n - 185. What is the tens digit of g?
4
Let w(r) = -r - 7. Let u be w(-10). What is the units digit of 0 + -5 + u + 3?
1
Let n = 53 - 7. What is the units digit of n?
6
Let r be 1*(0 - 0) - -84. What is the tens digit of ((-1)/3)/((-2)/r)?
1
Let m(o) = 14*o. Let l be (0 - 0) + (-3 - -5). What is the tens digit of m(l)?
2
Let b = 8 + -10. Let i = b + 5. What is the units digit of i?
3
Suppose 4 = -2*d + l, d - 1 = -l + 3. Let z = d - -4. Suppose 8 = -z*r, y - 1 = -r + 4. What is the units digit of y?
7
Let t be (88/(-5))/((-7)/35). Suppose 4*d + 5*p = t, -5*d + 4*p + 81 = 3*p. What is the units digit of d?
7
Let a be 58 - ((-15)/3 + 3). Let d = 87 - a. What is the tens digit of d?
2
Let o(l) = l**3 - 5 + 3 + 6 + 3*l**2 - 9*l - 12*l**2. What is the units digit of o(10)?
4
Suppose -3*u - 45 + 405 = 0. Suppose -3*v + u = 2*v. Suppose v = 2*y + 2*y. What is the units digit of y?
6
Let h(s) = -2*s + 6. Let d be h(-6). Let r(b) = b**3 + 3*b**2 + b - 1. Let m be r(-3). What is the units digit of (d/m)/(3/(-6))?
9
Suppose -o + 0*o - 2 = 0. Let l(y) = -y + 1. Let f be l(o). Suppose -z - 3*n = -20, -2 = 2*z - f*z + 3*n. What is the tens digit of z?
1
Let j(f) = -f**2 - 18*f + 17. What is the units digit of j(-16)?
9
Let s(r) = r**2 + 4*r + 8. Let t be s(-10). Let p be 2/5 - t/(-5). Suppose -5*j + p = -d - 3, 2*d + 5*j = 41. What is the units digit of d?
8
Let q(u) = -u - 11. What is the units digit of q(-16)?
5
Suppose 0*w = -w. Let c be (2 - w) + (-20)/(-4). Suppose -2*a = -c + 1. What is the units digit of a?
3
Suppose -t - 4*t + 20 = 0. What is the tens digit of ((-14)/8)/(t/(-48))?
2
Suppose -2*m + 4*k + k = -16, 3*m = -3*k - 18. Let o be (-73)/(-4) - m/(-8). Suppose 0 = 5*v - 68 + o. What is the units digit of v?
0
Let r be 9/2 - (-2)/4. Let f(o) = -o**2 + 12*o - 5. What is the tens digit of f(r)?
3
Let o(s) be the third derivative of -s**4/24 - 7*s**3/6 + s**2. Let j(k) = k**3 + 2*k**2 - 5*k + 3. Let y be j(-4). What is the units digit of o(y)?
2
Let v(j) = -5*j - 2*j**2 + 0*j**2 - j**3 - 4*j - 7*j**2. Let q be v(-8). What is the units digit of (-4)/(q/(-6)) - 1?
2
Let i be (-1339)/91 - (-4)/(-14). What is the units digit of (48/i)/(8/(-60))?
4
Let c = -313 - -184. Let v = -92 - c. Suppose -5*w + 3 + v = 0. What is the units digit of w?
8
What is the tens digit of 807/12 - 1/4?
6
Let t be (-84)/((-4 - 0) + 3). Suppose 2*z + t = 3*z - x, x - 1 = 0. Suppose 5 = o - 2*o, -5*c + z = o. What is the tens digit of c?
1
Let q be (49 - 0)/(4 - 3). Let d = 74 - q. What is the tens digit of d?
2
Let w(k) = k**3 - 2*k**2 - 7*k. Let j be w(5). Let z be (-4)/18 - j/(-18). Suppose 1 - 8 = t - 3*l, -z*t - 5 = -3*l. What is the units digit of t?
2
Let y be (2/(-6))/(1/(-15)). Suppose 4*v - 111 = y*h, 19 = 5*v - 4*v - 3*h. What is the tens digit of v?
3
Let s = -57 + 89. What is the units digit of s?
2
Let p be (3/(6/(-32)))/(-2). Let v(o) = o**3 - 8*o**2 - 7*o - 7. Let z be v(p). What is the units digit of (-427)/z - (-4)/18?
7
Let x(i) = -i - 1. Let m be x(-1). Suppose -5*l + m*l = 5*g + 50, 5*g + 41 = -4*l. Let k(y) = -y**3 - 9*y**2 - 2*y - 6. What is the units digit of k(l)?
2
Let f be 2 + 2 + (-2 - -2). Suppose 6*n = n + 15. Suppose -f*u - 4 = n*t, u + t + 2 = -0*u. What is the units digit of u?
2
Suppose 10 = 4*m - 2*m. Suppose 4*j = j - 6. Let u = j + m. What is the units digit of u?
3
Let x(a) = -a**2 + 7*a - 6. Let v be x(6). Suppose -5*c + 5 = v, 3*n + 3*c - 40 = 8. What is the tens digit of n?
1
Suppose -2*h = -4*h. Let r(q) = 2*q**2 + 7*q + 6. Let f be r(-4). Let v = f + h. What is the tens digit of v?
1
Let s = -14 - -9. Let j = 6 + s. What is the units digit of j?
1
Suppose -3*u - 528 = -6*u. What is the tens digit of u?
7
Let s(x) be the second derivative of x**5/20 + x**4/2 + 5*x**3/6 - 3*x**2/2 + 2*x. Let o be s(-4). Let b = -6 + o. What is the units digit of b?
3
Let j be (-182)/21 - (-4